 1014 a multiple of 38?
False
Is 61 a factor of 9597?
False
Is 1288 a multiple of 14?
True
Is 1894 a multiple of 48?
False
Does 109 divide 28667?
True
Does 7 divide 1542?
False
Is 2240 a multiple of 40?
True
Is 446 a multiple of 4?
False
Is 50 a multiple of 5?
True
Is 26 a multiple of 2?
True
Does 7 divide 20649?
False
Is 11 a factor of 2194?
False
Is 25 a factor of 25716?
False
Is 176 a multiple of 22?
True
Does 10 divide 1740?
True
Is 56 a factor of 1357?
False
Is 14 a factor of 182?
True
Is 756 a multiple of 22?
False
Does 33 divide 2217?
False
Does 6 divide 536?
False
Does 10 divide 11350?
True
Is 1180 a multiple of 20?
True
Is 26 a factor of 1430?
True
Does 7 divide 2289?
True
Is 9027 a multiple of 3?
True
Does 59 divide 6667?
True
Does 50 divide 2098?
False
Is 29065 a multiple of 139?
False
Is 7317 a multiple of 27?
True
Is 19 a factor of 12751?
False
Is 11 a factor of 99?
True
Is 112192 a multiple of 64?
True
Does 15 divide 39880?
False
Is 365 a multiple of 6?
False
Does 16 divide 1184?
True
Is 13 a factor of 5746?
True
Is 178 a factor of 1187?
False
Does 7 divide 266?
True
Is 28 a factor of 3472?
True
Is 4 a factor of 194?
False
Is 12071 a multiple of 10?
False
Does 25 divide 375?
True
Is 924 a multiple of 54?
False
Does 16 divide 2080?
True
Is 9 a factor of 2154?
False
Does 27 divide 432?
True
Is 25576 a multiple of 157?
False
Is 28 a factor of 196?
True
Is 150 a factor of 4650?
True
Does 4 divide 404?
True
Is 3667 a multiple of 30?
False
Does 17 divide 11442?
False
Is 1939 a multiple of 16?
False
Is 2368 a multiple of 16?
True
Is 151 a factor of 60851?
False
Is 22 a factor of 4730?
True
Does 11 divide 12158?
False
Is 100 a multiple of 28?
False
Is 11 a factor of 8426?
True
Is 1599 a multiple of 41?
True
Does 74 divide 1906?
False
Does 121 divide 2366?
False
Does 3 divide 4278?
True
Is 23 a factor of 3324?
False
Is 98670 a multiple of 286?
True
Is 263 a multiple of 44?
False
Is 131 a factor of 1066?
False
Is 37 a factor of 259?
True
Does 5 divide 4506?
False
Is 968 a multiple of 16?
False
Does 6 divide 125?
False
Is 4851 a multiple of 21?
True
Does 3 divide 12549?
True
Is 5655 a multiple of 145?
True
Does 26 divide 4524?
True
Is 23694 a multiple of 22?
True
Does 5 divide 138?
False
Does 9 divide 18828?
True
Is 174 a factor of 40368?
True
Does 5 divide 2873?
False
Is 20400 a multiple of 85?
True
Is 53 a factor of 130009?
True
Does 42 divide 158?
False
Does 4 divide 264?
True
Does 2 divide 673?
False
Does 136 divide 3808?
True
Does 39 divide 1409?
False
Does 21 divide 10626?
True
Does 102 divide 1980?
False
Does 8 divide 14692?
False
Is 43328 a multiple of 64?
True
Does 5 divide 105?
True
Does 32 divide 7200?
True
Does 6 divide 7344?
True
Is 1382 a multiple of 18?
False
Is 29 a factor of 2001?
True
Does 11 divide 14985?
False
Is 1270 even?
True
Is 2403 a multiple of 17?
False
Does 79 divide 5824?
False
Does 21 divide 154?
False
Does 108 divide 3672?
True
Does 145 divide 32480?
True
Is 30 a factor of 5640?
True
Is 880 a multiple of 16?
True
Is 1387 a multiple of 73?
True
Is 54 a factor of 810?
True
Is 13507 a multiple of 48?
False
Is 13 a factor of 544?
False
Does 10 divide 2910?
True
Is 14502 a multiple of 150?
False
Is 4104 a multiple of 57?
True
Is 254 a factor of 74120?
False
Is 229 a multiple of 27?
False
Is 64 a factor of 7416?
False
Does 116 divide 5104?
True
Does 2 divide 80?
True
Does 3 divide 4830?
True
Is 428 a multiple of 9?
False
Does 12 divide 319?
False
Does 49 divide 6994?
False
Is 22 a factor of 3454?
True
Is 134 a factor of 4650?
False
Is 78 a factor of 5694?
True
Is 13 a factor of 2059?
False
Does 9 divide 116?
False
Is 11 a factor of 4191?
True
Does 6 divide 2190?
True
Does 23 divide 1161?
False
Is 694 a multiple of 60?
False
Does 26 divide 6266?
True
Is 320 a multiple of 20?
True
Is 21 a factor of 19920?
False
Does 107 divide 17976?
True
Does 100 divide 19393?
False
Does 54 divide 486?
True
Is 20281 a multiple of 8?
False
Is 105 a multiple of 35?
True
Is 3 a factor of 451?
False
Is 10 a factor of 23210?
True
Is 1375 a multiple of 65?
False
Does 20 divide 30100?
True
Is 73 a multiple of 73?
True
Does 49 divide 1764?
True
Does 11 divide 929?
False
Does 14 divide 130?
False
Is 1343 a multiple of 109?
False
Is 68 a multiple of 17?
True
Is 103 a factor of 1030?
True
Does 6 divide 451?
False
Is 83 a factor of 5810?
True
Does 13 divide 1027?
True
Is 7154 a multiple of 73?
True
Does 35 divide 4978?
False
Does 87 divide 696?
True
Is 14 a factor of 57654?
False
Does 36 divide 857?
False
Is 3513 a multiple of 35?
False
Is 1938 a multiple of 83?
False
Is 120 a multiple of 16?
False
Does 13 divide 22789?
True
Is 624 a multiple of 48?
True
Is 847 a multiple of 14?
False
Is 320 a factor of 935?
False
Is 16 a factor of 258?
False
Is 15498 a multiple of 7?
True
Is 3663 a multiple of 99?
True
Is 8384 a multiple of 131?
True
Is 642 even?
True
Does 175 divide 28875?
True
Is 1316 a multiple of 14?
True
Does 16 divide 1269?
False
Does 39 divide 1443?
True
Is 77 a factor of 56002?
False
Does 126 divide 31916?
False
Is 10 a factor of 7697?
False
Is 32 a factor of 19680?
True
Is 784 a multiple of 35?
False
Is 3310 a multiple of 58?
False
Is 15 a multiple of 3?
True
Does 5 divide 1397?
False
Is 17 a factor of 646?
True
Is 2 a factor of 182?
True
Is 9712 a multiple of 16?
True
Is 1141 a multiple of 14?
False
Is 80 a factor of 11360?
True
Is 1020 a multiple of 85?
True
Is 13 a factor of 9278?
False
Is 1287 a multiple of 33?
True
Is 675 a multiple of 9?
True
Is 25 a factor of 3013?
False
Is 18829 a multiple of 19?
True
Is 10 a factor of 820?
True
Is 9 a factor of 1255?
False
Is 79 a factor of 33308?
False
Is 19 a factor of 4848?
False
Is 29 a factor of 2465?
True
Is 1261 a multiple of 26?
False
Is 19 a factor of 2979?
False
Is 1602 a multiple of 13?
False
Is 67 a factor of 3484?
True
Does 10 divide 1870?
True
Is 1710 a multiple of 59?
False
Is 13 a factor of 559?
True
Does 41 divide 4462?
False
Does 271 divide 3252?
True
Does 38 divide 1064?
True
Is 4 a factor of 107?
False
Is 31 a factor of 2592?
False
Is 5 a factor of 3619?
False
Does 6 divide 3427?
False
Is 1936 a multiple of 44?
True
Is 43 a factor of 559?
True
Is 1920 a multiple of 80?
True
Is 39270 a multiple of 51?
True
Does 27 divide 405?
True
Is 7 a factor of 112?
True
Does 10 divide 3920?
True
Is 5900 a multiple of 295?
True
Does 4 divide 8543?
False
Is 177 a factor of 5487?
True
Is 77120 a multiple of 94?
False
Is 18 a factor of 358?
False
Is 10 a factor of 1004?
False
Is 10 a factor of 3930?
True
Is 4161 a multiple of 4?
False
Does 11 divide 15972?
True
Is 10 a factor of 12611?
False
Is 2368 a multiple of 12?
False
Is 13920 a multiple of 96?
True
Is 10714 a multiple of 47?
False
Does 27 divide 12366?
True
Is 76 a factor of 29032?
True
Does 37 divide 1762?
False
Does 84 divide 6468?
True
Is 2339 a multiple of 2?
False
Is 276 a multiple of 4?
True
Is 44 a factor of 8360?
True
Is 57245 a multiple of 203?
False
Is 9940 a multiple of 54?
False
Does 14 divide 113?
False
Is 470 a multiple of 10?
True
Is 20 a factor of 2640?
True
Is 8321 a multiple of 53?
True
Is 9 a factor of 729?
True
Does 3 divide 2390?
False
Is 14 a factor of 32340?
True
Is 6538 a multiple of 40?
False
Is 45 a factor of 27817?
False
Does 98 divide 35966?
True
Is 63269 a multiple of 151?
True
Is 13818 a multiple of 329?
True
Is 11 a factor of 4120?
False
Is 1917 a multiple of 70?
False
Does 20 divide 6120?
True
Is 134 a factor of 11735?
False
Is 27 a factor of 2457?
True
Is 96 a multiple of 32?
True
Is 544 a multiple of 32?
True
Is 59 a factor of 2537?
True
Is 20625 a multiple of 33?
True
Is 320 a multiple of 4?
True
Does 22 divide 4950?
True
Does 41 divide 123?
True
Is 10 a factor of 1880?
True
Is 24 a factor of 1584?
True
Is 3025 a multiple of 5?
True
Is 3046 a multiple of 339?
False
Does 2 divide 2690?
True
Does 15 divide 2400?
True
Does 101 divide 11514?
True
Is 13 a factor of 13442?
True
Is 112179 a multiple of 381?
False
Is 3542 a multiple of 27?
False
Is 73 a factor of 18037?
False
Is 11350 a multiple of 50?
True
Does 32 divide 722?
False
Is 58 a factor of 40410?
False
Is 39 a factor of 351?
True
Is 685 a multiple of 37?
False
Is 494 a multiple of 24?
False
Is 57 a factor of 1938?
True
Is 7 a factor of 53?
Fal